b be r(-8). Suppose -u + 4*u = b. Is 446*(u - -2)/4 a composite number?
False
Let p = 1476 + -727. Is 1 + p - (5 + -8) composite?
True
Let k(x) = 22*x**2 - 75*x - 10. Is k(-33) prime?
True
Is (297280/(-128))/((-1)/2) a prime number?
False
Suppose 30*h = 29*h + 4*a + 6289, 2*h = -2*a + 12598. Is h composite?
True
Let f = 2422 + -251. Is f composite?
True
Suppose 2*v - 3*i - 5 = 0, 2*v + 5*i = 7*v - 15. Let x = 5 + -5. Suppose -n = -v, -a - 2*n + x*n = -157. Is a a composite number?
False
Let m be 9 - (-3)/((-9)/(-6)). Let h(t) = 5*t**2 - 5*t - 15. Is h(m) a prime number?
False
Suppose -27 = -3*z + 2193. Suppose 9*n - 5*n = 4*h + z, 0 = 2*n - 3*h - 374. Is n prime?
True
Let k = 14819 + -8058. Is k a composite number?
False
Let z(n) = -n - 3. Let v be z(-7). Suppose -2*x - j = -0*x - 2356, -4712 = -v*x - 3*j. Suppose 3*f = d + f - 297, 3*f + x = 4*d. Is d composite?
False
Let s(r) = r**3 - 18*r**2 - 8*r + 57. Suppose -11*j + 20 = -10*j. Is s(j) prime?
False
Let q(h) = -h + 5. Let m be q(3). Suppose 0 = m*f - z + 6*z - 11, -4*f + 17 = 5*z. Suppose 366 = -f*p + 1407. Is p composite?
False
Let h(v) = v**3 - 12*v**2 + 16. Let o(y) be the second derivative of -y**5/20 + y**4 - 15*y**2/2 - 4*y. Let d(r) = -2*h(r) - 3*o(r). Is d(12) composite?
False
Let a(d) = d + 1. Let c be a(2). Suppose 2*f + 4 = o + 8, -3*f + 15 = c*o. Suppose -f*l + 304 + 257 = 0. Is l a composite number?
True
Let g(t) = 2*t**2 - 14*t + 9. Let h be g(7). Let l be (20/6)/(6/h). Suppose i - 861 = 2*x - l*x, -3*x + 5*i = -861. Is x prime?
False
Is 49826/(-8)*(-304)/266 a composite number?
True
Suppose 65 = 8*s + 9. Is (-1 - 0)/(s/(-12439)) a prime number?
True
Let c(m) = -3*m**2 - 3*m**2 + 0*m**2 - 3 + 0*m**2 - m**3 + 6*m. Let k be c(-7). Suppose 0 = -y, -k*w + 344 + 2548 = -3*y. Is w a prime number?
False
Let o(p) be the third derivative of p**7/360 + 17*p**6/720 + p**5/10 - 8*p**2. Let z(i) be the third derivative of o(i). Is z(14) composite?
True
Suppose -343*a + 318*a + 99725 = 0. Is a a composite number?
False
Let u(k) = -k**3 - 11*k**2 - 13*k + 23. Let x(t) = -t**3 - 1. Let w(m) = u(m) - 2*x(m). Is w(12) a composite number?
False
Let s(j) be the third derivative of -j**5/10 - j**4/24 + 7*j**3/3 + 6*j**2. Let u be s(-6). Let r = u + 291. Is r a composite number?
True
Let f(z) = -4*z**3 + 10*z**2 + 14*z + 11. Is f(-6) composite?
False
Let m = -1100 + 1592. Suppose -2*k = -2*f - m, -k - 3*k + 994 = -2*f. Is k a prime number?
True
Let t be (-1 + 6/(-3))/((-36)/(-1752)). Is (-2)/6*-12 - (t + 1) a prime number?
True
Suppose 5*j + 924 = -4*h, 3*j + h - 131 = -691. Let z be j/(-36) - 6/27. Suppose -z*y = -5*b - 920, 3*y - b - 3*b = 553. Is y a composite number?
True
Suppose 5*s = -p - 4, 3*s - 1 = 3*p + 11. Suppose -b + 4*d + 143 = 0, b + s*d - 122 = -3*d. Is b prime?
True
Suppose 0*v - 21*v + 64659 = 0. Is v prime?
True
Let w = -53 + 83. Suppose -25*j + w*j = 8895. Is j a composite number?
True
Let f(j) = -6*j**3 + 3*j**2 - 6*j - 7. Let h be f(-3). Suppose -1554 = -2*p + h. Is p composite?
False
Let s be (0/4 - -2) + 1*788. Suppose -7*o - s = -9*o. Is o a composite number?
True
Suppose -76317 - 79158 = -3*u. Suppose -47945 = -10*a + u. Is a a composite number?
True
Is 4900/4 - 2 - (0 - 3) prime?
False
Suppose 2*a = -p + 883, -4*p + 5*p - 892 = a. Is p prime?
False
Suppose 5*b - 16 = 3*b. Suppose n - 87 = b. Is n composite?
True
Let y = 21564 + -15286. Let g = y - 3663. Suppose 5*p - g + 390 = 0. Is p a composite number?
True
Let g(p) = -101*p + 26. Let w be g(-28). Suppose -5*z + 5060 = 3*v, 2*z + 3*v = w - 821. Is z prime?
True
Suppose -3*o - b = -9402, -4*o + 1795 = -2*b - 10731. Is o a composite number?
True
Let f(g) = -181*g**2 - g + 1. Let q be f(1). Let v = 315 + q. Is v a composite number?
True
Suppose -5*n - r + 34425 = 4928, n - 2*r = 5895. Is n composite?
True
Let k be (-2785 + -2)*(-8)/24. Let o = k + -288. Is o a composite number?
False
Let y = 24240 - 5437. Is y prime?
True
Suppose 4820 = 5*w + 1340. Let p = 181 + w. Is p a prime number?
True
Let u = 144 - 141. Suppose -u*x + 6537 = -0*x. Is x prime?
True
Let v(s) be the second derivative of -s**4/6 - 2*s**3/3 + s**2/2 + 2*s. Let u be v(-7). Is u/6*(-2)/1 a prime number?
True
Let m = 1300 - 665. Is m prime?
False
Let z be (-34)/(-153) + (-4748)/(-18). Let t(v) = -36*v + 7. Let h be t(5). Let n = h + z. Is n a prime number?
False
Let y(m) = 814*m**2 + 129*m - 26. Is y(-9) a composite number?
False
Is ((-3030)/(-25))/(14/35) a prime number?
False
Suppose 12 = -y + 4*p, -2*y + 3*p - 3 - 1 = 0. Let r be 13 + -10 + y/2. Suppose -r*h + 340 = -2*g + g, 4*g + 221 = 3*h. Is h a composite number?
False
Is -2 - (6 - (-17571)/(-3)) prime?
True
Suppose 0 = 3*o - o. Suppose -4*v + 58 + 38 = o. Let m = v + -14. Is m a prime number?
False
Let n(r) = -r**3 - 11*r**2 + 4*r + 24. Let a be n(-11). Is ((-44)/6)/(a/90) a prime number?
False
Let y be (0 - -1)*1 + -1. Suppose -t - 206 + 0 = y. Let m = 324 + t. Is m a prime number?
False
Suppose 2*g - 3*o - 17114 = -7*o, 5*g + o = 42749. Is g a composite number?
True
Suppose -d - 6 = -4*d. Suppose j - 109 = d*a - 0*j, a = j - 57. Let w = a + 129. Is w a composite number?
True
Let z(d) = -d**3 - 4*d**2 + 4*d + 7. Let m be z(-5). Suppose 3*f = m + 9. Suppose -f*x = -621 - 2. Is x composite?
False
Is -28 + 39 + (-400)/(-2) a composite number?
False
Suppose 2*b - 3427 = -t, -3*t = -5*b - 1204 - 9132. Is t prime?
False
Let x = -23944 + 36989. Is x prime?
False
Suppose -3*p = 2*v - 7426, 4*v + 4*p - 14844 = -0*v. Is v a composite number?
True
Suppose 0 = 4*u - q - 8641, u + 5*q = 6*q + 2158. Is u prime?
True
Let y(z) = 3*z + 27. Let g be y(-7). Suppose -1457 = -g*b + 817. Is b composite?
False
Let a = -26 + 16. Let c(k) = 4*k**2 + 16*k + 19. Is c(a) a composite number?
True
Let o = -1 - -5. Suppose 0 = 2*f - f + 2*c - 260, -o*c - 1314 = -5*f. Is f a prime number?
False
Let w(k) = 1470*k - 6. Let z be w(4). Let a = z - 3203. Is a a prime number?
True
Let g = 6671 + -2988. Is g a composite number?
True
Let y = 14 - 8. Suppose 2*b - 4*n - 554 = -y*n, 3*b - 2*n = 811. Suppose 3*m = b + 1206. Is m a composite number?
True
Let f = -69 + 53. Is (-2 - -2230)*(-4)/f prime?
True
Let u be ((-5)/((-10)/(-28)))/(-2). Suppose 14 = u*s - 0. Suppose 4*p + 4*k - 599 = k, s*k - 151 = -p. Is p composite?
False
Let l(p) = -60*p + 5. Let w(u) = u + 1. Let i(a) = -l(a) + w(a). Let k be i(17). Let s = k + -738. Is s composite?
True
Suppose -4*f - 35 = -47. Is (-387)/(-1) + f*6/9 composite?
False
Let f = 3747 + -1967. Suppose -8*o = -4*o - f. Is o a prime number?
False
Let k be (1/(-1))/(-2 - 12/(-8)). Suppose -2*b + k*w + 1787 + 1801 = 0, -4*b - w + 7191 = 0. Is b a prime number?
False
Suppose 80928 = -5*h + 8*h - 3*a, -5*a = -2*h + 53967. Is h a prime number?
False
Let h be ((-30)/(-25))/((-1)/10). Let k(r) = -9*r - 13. Is k(h) prime?
False
Is 35/10*(-577308)/(-42) prime?
True
Suppose 0 = -3*a - 27*u + 25*u + 84329, 2 = -u. Is a prime?
True
Let n(q) = 618*q**2 - 25*q + 3. Let m be n(9). Suppose -3*t - 9*t + m = 0. Is t prime?
True
Suppose 3*y = v - 1220, -v + 4829 = 3*v + 5*y. Is v a prime number?
False
Suppose v - 4*v + 151 = -c, -4*c = 2*v - 124. Suppose 6 = -x + v. Let k = x - -37. Is k a composite number?
False
Suppose 2*o + j = -1, -1 = -4*j + 3. Let b be o + -2 + 3 - 1. Is (b - 0)/(-1) - -1042 a composite number?
True
Let q(d) = d**3 - 9*d**2 + 8*d. Let l be q(8). Suppose -z + l = -2. Suppose -z*b + 2*u + 680 = -0*b, -3*b - 3*u = -1002. Is b prime?
True
Let h(i) = 2*i**3 - 4*i**2 + 3*i - 14. Let n be h(7). Suppose 2*b - 3*p - n = b, -2*p = 4*b - 1932. Is b prime?
False
Let h(w) = 3*w**2 - 43*w - 115. Is h(-37) composite?
True
Let y(i) = -68*i**2 - 9*i - 10. Let j be y(-2). Let x = j - -1001. Is x a composite number?
True
Suppose -4*v - 2*t = -26, 12 - 1 = v + 5*t. Suppose 2804 = 10*i - v*i. Is i a prime number?
True
Is (69334/3)/(216/324) prime?
True
Suppose -5*b + 3*y + 4 = 0, -5*y = 5*b - 0*y - 20. Suppose 11 = b*x - 5*a, 3*a = -x - 12 + 1. Let p = x + 121. Is p a composite number?
True
Is 4/10 - 8141517/(-345) composite?
False
Is 4/(-24)*3 + 17505/6 a composite number?
False
Is 381/(-4 - 3146/(-314) - 6) a prime number?
False
Let x be ((1 - 6) + 1)*27/36. Is 1*(4 + x)*251 a prime number?
True
Let v be (-6)/(-10